y 93.
89
What is the remainder when 66 is divided by 27?
12
What is the remainder when 362 is divided by 11?
10
What is the remainder when 201 is divided by 52?
45
Calculate the remainder when 201 is divided by 69.
63
Calculate the remainder when 818 is divided by 32.
18
What is the remainder when 48 is divided by 26?
22
Calculate the remainder when 641 is divided by 195.
56
Calculate the remainder when 3654 is divided by 17.
16
Calculate the remainder when 161 is divided by 31.
6
What is the remainder when 566 is divided by 8?
6
Calculate the remainder when 361 is divided by 34.
21
Calculate the remainder when 63 is divided by 28.
7
Calculate the remainder when 85 is divided by 24.
13
Calculate the remainder when 362 is divided by 82.
34
Calculate the remainder when 292 is divided by 40.
12
What is the remainder when 345 is divided by 29?
26
What is the remainder when 18 is divided by 4?
2
Calculate the remainder when 1064 is divided by 213.
212
Calculate the remainder when 1376 is divided by 274.
6
What is the remainder when 171 is divided by 30?
21
What is the remainder when 571 is divided by 91?
25
What is the remainder when 9777 is divided by 163?
160
Calculate the remainder when 213 is divided by 74.
65
What is the remainder when 351 is divided by 88?
87
What is the remainder when 1749 is divided by 872?
5
Calculate the remainder when 23 is divided by 20.
3
What is the remainder when 1398 is divided by 88?
78
What is the remainder when 25 is divided by 13?
12
What is the remainder when 807 is divided by 43?
33
What is the remainder when 61 is divided by 52?
9
Calculate the remainder when 222 is divided by 16.
14
Calculate the remainder when 470 is divided by 43.
40
What is the remainder when 707 is divided by 89?
84
Calculate the remainder when 73 is divided by 3.
1
Calculate the remainder when 80 is divided by 42.
38
What is the remainder when 34 is divided by 10?
4
What is the remainder when 254 is divided by 65?
59
Calculate the remainder when 100 is divided by 54.
46
What is the remainder when 186 is divided by 38?
34
Calculate the remainder when 354 is divided by 125.
104
Calculate the remainder when 219 is divided by 59.
42
Calculate the remainder when 528 is divided by 125.
28
What is the remainder when 154 is divided by 100?
54
What is the remainder when 5907 is divided by 211?
210
Calculate the remainder when 215 is divided by 40.
15
What is the remainder when 1942 is divided by 24?
22
Calculate the remainder when 244 is divided by 41.
39
Calculate the remainder when 365 is divided by 41.
37
What is the remainder when 319 is divided by 20?
19
What is the remainder when 18 is divided by 12?
6
Calculate the remainder when 241 is divided by 65.
46
What is the remainder when 348 is divided by 51?
42
Calculate the remainder when 695 is divided by 34.
15
Calculate the remainder when 58 is divided by 15.
13
What is the remainder when 978 is divided by 163?
0
What is the remainder when 415 is divided by 28?
23
Calculate the remainder when 1039 is divided by 29.
24
What is the remainder when 24 is divided by 2?
0
Calculate the remainder when 452 is divided by 16.
4
Calculate the remainder when 25 is divided by 7.
4
Calculate the remainder when 896 is divided by 444.
8
What is the remainder when 589 is divided by 46?
37
What is the remainder when 89 is divided by 3?
2
What is the remainder when 839 is divided by 60?
59
Calculate the remainder when 1161 is divided by 194.
191
What is the remainder when 15 is divided by 2?
1
Calculate the remainder when 3457 is divided by 217.
202
Calculate the remainder when 608 is divided by 102.
98
Calculate the remainder when 507 is divided by 37.
26
What is the remainder when 37 is divided by 20?
17
Calculate the remainder when 2109 is divided by 66.
63
What is the remainder when 103 is divided by 18?
13
Calculate the remainder when 210 is divided by 45.
30
Calculate the remainder when 1371 is divided by 231.
216
What is the remainder when 1423 is divided by 95?
93
Calculate the remainder when 106 is divided by 54.
52
What is the remainder when 3021 is divided by 108?
105
What is the remainder when 203 is divided by 12?
11
What is the remainder when 342 is divided by 47?
13
What is the remainder when 3842 is divided by 63?
62
What is the remainder when 101 is divided by 56?
45
Calculate the remainder when 444 is divided by 92.
76
What is the remainder when 312 is divided by 96?
24
Calculate the remainder when 234 is divided by 27.
18
Calculate the remainder when 448 is divided by 75.
73
What is the remainder when 274 is divided by 69?
67
What is the remainder when 2157 is divided by 36?
33
What is the remainder when 1642 is divided by 813?
16
Calculate the remainder when 17 is divided by 3.
2
Calculate the remainder when 6755 is divided by 65.
60
Calculate the remainder when 6213 is divided by 1553.
1
What is the remainder when 355 is divided by 184?
171
What is the remainder when 158 is divided by 157?
1
What is the remainder when 453 is divided by 63?
12
Calculate the remainder when 1545 is divided by 9.
6
Calculate the remainder when 286 is divided by 55.
11
Calculate the remainder when 2457 is divided by 71.
43
Calculate the remainder when 4 is divided by 4.
0
What is the remainder when 1071 is divided by 134?
133
Calculate the remainder when 73 is divided by 40.
33
Calculate the remainder when 1041 is divided by 30.
21
What is the remainder when 457 is divided by 90?
7
What is the remainder when 1402 is divided by 74?
70
What is the remainder when 236 is divided by 9?
2
What is the remainder when 44 is divided by 23?
21
Calculate the remainder when 107 is divided by 20.
7
Calculate the remainder when 315 is divided by 123.
69
What is the remainder when 3023 is divided by 84?
83
What is the remainder when 271 is divided by 39?
37
Calculate the remainder when 126 is divided by 35.
21
Calculate the remainder when 20 is divided by 13.
7
What is the remainder when 241 is divided by 62?
55
What is the remainder when 431 is divided by 27?
26
Calculate the remainder when 1966 is divided by 247.
237
What is the remainder when 3798 is divided by 50?
48
What is the remainder when 115 is divided by 20?
15
What is the remainder when 335 is divided by 181?
154
Calculate the remainder when 475 is divided by 60.
55
Calculate the remainder when 424 is divided by 32.
8
Calculate the remainder when 100 is divided by 47.
6
Calculate the remainder when 248 is divided by 93.
62
Calculate the remainder when 4058 is divided by 29.
27
Calculate the remainder when 269 is divided by 6.
5
Calculate the remainder when 108 is divided by 19.
13
What is the remainder when 119 is divided by 83?
36
Calculate the remainder when 45 is divided by 34.
11
What is the remainder when 49 is divided by 24?
1
What is the remainder when 1824 is divided by 11?
9
What is the remainder when 150 is divided by 23?
12
What is the remainder when 100 is divided by 13?
9
What is the remainder when 1670 is divided by 19?
17
What is the remainder when 191 is divided by 8?
7
Calculate the remainder when 69 is divided by 32.
5
What is the remainder when 141 is divided by 48?
45
Calculate the remainder when 63 is divided by 4.
3
What is the remainder when 1037 is divided by 132?
113
What is the remainder when 370 is divided by 14?
6
Calculate the remainder when 570 is divided by 22.
20
What is the remainder when 1013 is divided by 29?
27
Calculate the remainder when 202 is divided by 17.
15
Calculate the remainder when 163 is divided by 106.
57
Calculate the remainder when 29319 is divided by 109.
107
Calculate the remainder when 11953 is divided by 7.
4
What is the remainder when 107 is divided by 34?
5
Calculate the remainder when 1741 is divided by 1723.
18
Calculate the remainder when 2087 is divided by 110.
107
What is the remainder when 216 is divided by 7?
6
What is the remainder when 1658 is divided by 17?
9
Calculate the remainder when 48 is divided by 14.
6
Calculate the remainder when 16434 is divided by 17.
12
Calculate the remainder when 172 is divided by 35.
32
What is the remainder when 1609 is divided by 111?
55
Calculate the remainder when 1488 is divided by 113.
19
What is the remainder when 2015 is divided by 4?
3
What is the remai